{"id":1171,"date":"2020-06-26T17:19:36","date_gmt":"2020-06-26T20:19:36","guid":{"rendered":"https:\/\/aulasdepiano.com.br\/posts\/index.php\/?page_id=1171"},"modified":"2020-06-26T17:19:36","modified_gmt":"2020-06-26T20:19:36","slug":"o-piano","status":"publish","type":"page","link":"https:\/\/aulasdepiano.com.br\/posts\/index.php\/o-piano\/","title":{"rendered":"O Piano"},"content":{"rendered":"\n<ol><li><a href=\"https:\/\/aulasdepiano.com.br\/posts\/index.php\/\/2020\/05\/27\/como-funciona-um-piano-acustico\/\">Como funciona o piano ac\u00fastico<\/a><\/li><li><a href=\"https:\/\/aulasdepiano.com.br\/posts\/index.php\/\/2020\/06\/03\/pedais-do-piano\/\">Pedais do piano<\/a><\/li><\/ol>\n","protected":false},"excerpt":{"rendered":"<p>Como funciona o piano ac\u00fastico Pedais do piano<\/p>\n","protected":false},"author":1,"featured_media":0,"parent":0,"menu_order":0,"comment_status":"closed","ping_status":"closed","template":"","meta":{"footnotes":""},"yoast_head":"<!-- This site is optimized with the Yoast SEO plugin v21.7 - https:\/\/yoast.com\/wordpress\/plugins\/seo\/ -->\n<title>O Piano - Professora de Piano<\/title>\n<meta name=\"robots\" content=\"index, follow, max-snippet:-1, max-image-preview:large, max-video-preview:-1\" \/>\n<link rel=\"canonical\" href=\"https:\/\/aulasdepiano.com.br\/posts\/index.php\/o-piano\/\" \/>\n<meta property=\"og:locale\" content=\"pt_BR\" \/>\n<meta property=\"og:type\" content=\"article\" \/>\n<meta property=\"og:title\" content=\"O Piano - Professora de Piano\" \/>\n<meta property=\"og:description\" content=\"Como funciona o piano ac\u00fastico Pedais do piano\" \/>\n<meta property=\"og:url\" content=\"https:\/\/aulasdepiano.com.br\/posts\/index.php\/o-piano\/\" \/>\n<meta property=\"og:site_name\" content=\"Professora de Piano\" \/>\n<meta name=\"twitter:card\" content=\"summary_large_image\" \/>\n<script type=\"application\/ld+json\" class=\"yoast-schema-graph\">{\"@context\":\"https:\/\/schema.org\",\"@graph\":[{\"@type\":\"WebPage\",\"@id\":\"https:\/\/aulasdepiano.com.br\/posts\/index.php\/o-piano\/\",\"url\":\"https:\/\/aulasdepiano.com.br\/posts\/index.php\/o-piano\/\",\"name\":\"O Piano - Professora de Piano\",\"isPartOf\":{\"@id\":\"https:\/\/aulasdepiano.com.br\/posts\/#website\"},\"datePublished\":\"2020-06-26T20:19:36+00:00\",\"dateModified\":\"2020-06-26T20:19:36+00:00\",\"breadcrumb\":{\"@id\":\"https:\/\/aulasdepiano.com.br\/posts\/index.php\/o-piano\/#breadcrumb\"},\"inLanguage\":\"pt-BR\",\"potentialAction\":[{\"@type\":\"ReadAction\",\"target\":[\"https:\/\/aulasdepiano.com.br\/posts\/index.php\/o-piano\/\"]}]},{\"@type\":\"BreadcrumbList\",\"@id\":\"https:\/\/aulasdepiano.com.br\/posts\/index.php\/o-piano\/#breadcrumb\",\"itemListElement\":[{\"@type\":\"ListItem\",\"position\":1,\"name\":\"In\u00edcio\",\"item\":\"https:\/\/aulasdepiano.com.br\/posts\/\"},{\"@type\":\"ListItem\",\"position\":2,\"name\":\"O Piano\"}]},{\"@type\":\"WebSite\",\"@id\":\"https:\/\/aulasdepiano.com.br\/posts\/#website\",\"url\":\"https:\/\/aulasdepiano.com.br\/posts\/\",\"name\":\"Professora de Piano\",\"description\":\"\",\"potentialAction\":[{\"@type\":\"SearchAction\",\"target\":{\"@type\":\"EntryPoint\",\"urlTemplate\":\"https:\/\/aulasdepiano.com.br\/posts\/?s={search_term_string}\"},\"query-input\":\"required name=search_term_string\"}],\"inLanguage\":\"pt-BR\"}]}<\/script>\n<!-- \/ Yoast SEO plugin. -->","yoast_head_json":{"title":"O Piano - Professora de Piano","robots":{"index":"index","follow":"follow","max-snippet":"max-snippet:-1","max-image-preview":"max-image-preview:large","max-video-preview":"max-video-preview:-1"},"canonical":"https:\/\/aulasdepiano.com.br\/posts\/index.php\/o-piano\/","og_locale":"pt_BR","og_type":"article","og_title":"O Piano - Professora de Piano","og_description":"Como funciona o piano ac\u00fastico Pedais do piano","og_url":"https:\/\/aulasdepiano.com.br\/posts\/index.php\/o-piano\/","og_site_name":"Professora de Piano","twitter_card":"summary_large_image","schema":{"@context":"https:\/\/schema.org","@graph":[{"@type":"WebPage","@id":"https:\/\/aulasdepiano.com.br\/posts\/index.php\/o-piano\/","url":"https:\/\/aulasdepiano.com.br\/posts\/index.php\/o-piano\/","name":"O Piano - Professora de Piano","isPartOf":{"@id":"https:\/\/aulasdepiano.com.br\/posts\/#website"},"datePublished":"2020-06-26T20:19:36+00:00","dateModified":"2020-06-26T20:19:36+00:00","breadcrumb":{"@id":"https:\/\/aulasdepiano.com.br\/posts\/index.php\/o-piano\/#breadcrumb"},"inLanguage":"pt-BR","potentialAction":[{"@type":"ReadAction","target":["https:\/\/aulasdepiano.com.br\/posts\/index.php\/o-piano\/"]}]},{"@type":"BreadcrumbList","@id":"https:\/\/aulasdepiano.com.br\/posts\/index.php\/o-piano\/#breadcrumb","itemListElement":[{"@type":"ListItem","position":1,"name":"In\u00edcio","item":"https:\/\/aulasdepiano.com.br\/posts\/"},{"@type":"ListItem","position":2,"name":"O Piano"}]},{"@type":"WebSite","@id":"https:\/\/aulasdepiano.com.br\/posts\/#website","url":"https:\/\/aulasdepiano.com.br\/posts\/","name":"Professora de Piano","description":"","potentialAction":[{"@type":"SearchAction","target":{"@type":"EntryPoint","urlTemplate":"https:\/\/aulasdepiano.com.br\/posts\/?s={search_term_string}"},"query-input":"required name=search_term_string"}],"inLanguage":"pt-BR"}]}},"jetpack_sharing_enabled":true,"jetpack_likes_enabled":true,"jetpack-related-posts":[{"id":261,"url":"https:\/\/aulasdepiano.com.br\/posts\/index.php\/sugestoes-musicais\/","url_meta":{"origin":1171,"position":0},"title":"Sugest\u00f5es musicais","author":"jucampitelli","date":"12\/01\/2020","format":false,"excerpt":"Esse \u00e9 um espa\u00e7o dedicado a assuntos relacionados \u00e0 arte. Podem ser exposi\u00e7\u00f5es, filmes, m\u00fasicas, teatro ou livros. S\u00e3o lugares que j\u00e1 visitei, concertos que ir\u00e3o ocorrer ou j\u00e1 ocorreram, pe\u00e7as que assisti ou livros que considero importantes para o estudo de m\u00fasica. Aqui s\u00e3o experi\u00eancias di\u00e1rias que eu gosto\u2026","rel":"","context":"Com 2 coment\u00e1rios","block_context":{"text":"Com 2 coment\u00e1rios","link":"https:\/\/aulasdepiano.com.br\/posts\/index.php\/sugestoes-musicais\/#comments"},"img":{"alt_text":"","src":"","width":0,"height":0},"classes":[]}],"_links":{"self":[{"href":"https:\/\/aulasdepiano.com.br\/posts\/index.php\/wp-json\/wp\/v2\/pages\/1171"}],"collection":[{"href":"https:\/\/aulasdepiano.com.br\/posts\/index.php\/wp-json\/wp\/v2\/pages"}],"about":[{"href":"https:\/\/aulasdepiano.com.br\/posts\/index.php\/wp-json\/wp\/v2\/types\/page"}],"author":[{"embeddable":true,"href":"https:\/\/aulasdepiano.com.br\/posts\/index.php\/wp-json\/wp\/v2\/users\/1"}],"replies":[{"embeddable":true,"href":"https:\/\/aulasdepiano.com.br\/posts\/index.php\/wp-json\/wp\/v2\/comments?post=1171"}],"version-history":[{"count":0,"href":"https:\/\/aulasdepiano.com.br\/posts\/index.php\/wp-json\/wp\/v2\/pages\/1171\/revisions"}],"wp:attachment":[{"href":"https:\/\/aulasdepiano.com.br\/posts\/index.php\/wp-json\/wp\/v2\/media?parent=1171"}],"curies":[{"name":"wp","href":"https:\/\/api.w.org\/{rel}","templated":true}]}}